= 3*m - 8*m, 0 = -j - 3*m + 11. What is the highest common divisor of d and j?
5
Let g = 9 - -3. Let j be 2 - 0/(2 - 5). Let n be (27/(-12))/(j/(-16)). Calculate the highest common divisor of g and n.
6
Let c be 3/(99/(-6)) + (-936)/(-66). Calculate the greatest common divisor of 21 and c.
7
Let t(s) be the first derivative of -s**2/2 + 4*s + 1. Let z be t(-3). Suppose -4*d - 15 = -z*d. What is the greatest common factor of 1 and d?
1
Suppose 7*b - 584 = 3*b. Suppose g - b = -27. Calculate the highest common factor of g and 17.
17
Let n be (-2 - 0)/(1/(-2)). Suppose 46 = 3*z - n*b - 85, 2*z = 3*b + 88. Suppose -3*s + z = 17. What is the greatest common divisor of 56 and s?
8
Let f be 18/(2 - 0) + -2. Let p = 2 - -5. Calculate the greatest common factor of f and p.
7
Let d(f) = 8*f. Let o be d(5). Let m be (o/6)/(5/15). Calculate the highest common divisor of m and 30.
10
Suppose -6*y + 4*y = 0. Let m be 2/2 + y + 9. Suppose -2*z = -3*z + m. What is the greatest common factor of z and 60?
10
Let z(d) = -5*d - 4. Let t be z(-4). What is the greatest common factor of t and 16?
16
Let j(h) = -h**3 + 3*h**2 - 2*h. Let v be j(2). Let n be (-2)/(-1)*30/4. Suppose 3*b - n = -v. Calculate the highest common divisor of 5 and b.
5
Let h be 34/6 + 18/(-27). Suppose 4*a - 45 - 43 = -d, 394 = h*d - 3*a. Calculate the greatest common divisor of d and 8.
8
Let k(d) = -2*d**2 + 5*d + 5. Let r be k(6). Let u = 65 + r. Let t be -4*(1 - 0)/(-1). What is the highest common factor of t and u?
4
Suppose 5*r = 2*y - 0*y + 44, -5*y = -4*r + 42. Calculate the highest common divisor of 1 and r.
1
Let k(p) = p**3 - 7*p**2 + 2*p - 10. Let a be k(7). Calculate the highest common divisor of a and 20.
4
Let u be ((-20)/6 + 0)*-6. Suppose 21*m - 40 = 16*m. What is the highest common divisor of m and u?
4
Suppose 0 = 4*o, 2*o = -4*c - o + 124. Let n be -3 + 634/5 + 14/70. What is the greatest common divisor of c and n?
31
Suppose 0*t + 4*t - 20 = 0. Calculate the highest common factor of 40 and t.
5
Let x = 10 - 6. Let l(a) = -a**3 + 10*a**2 + 2*a - 18. Let q be l(10). What is the highest common divisor of x and q?
2
Let m = -290 + 433. Suppose -a = -2*d + 289, d + a - m = -0*d. Let f(y) = 4*y + 2. Let o be f(4). Calculate the greatest common factor of o and d.
18
Let q = 18 + -6. Let p = 2 - 2. Suppose -4*t + t - 4*c + 292 = p, -5*t + 478 = -2*c. Calculate the highest common divisor of q and t.
12
Suppose 80 = 5*v - 5*d, -4*d = 4*v - 0*d - 104. Calculate the highest common factor of 105 and v.
21
Let s(q) = -q**3 + 9*q**2 - 12*q + 8. Let u be s(6). Calculate the greatest common divisor of u and 22.
22
Let q be (-40)/(-18) + (-24)/108. Calculate the greatest common divisor of 8 and q.
2
Suppose 0 + 4 = -2*k. Let c = -1 - k. Calculate the highest common divisor of c and 7.
1
Let u = 47 - 7. Let y(t) = -t**3 + 5*t**2 - 6*t. Let s be y(4). Let m = s + 13. Calculate the highest common divisor of u and m.
5
Let i be 2 + -2*266/(-4). Let p = -65 - -92. What is the greatest common divisor of p and i?
27
Suppose -4*r = 6*x - 3*x - 108, 0 = 3*r - 4*x - 56. Calculate the greatest common divisor of 60 and r.
12
Suppose 2*g + 5 = -5*h + 1, 3*g - 13 = 2*h. Let v(n) = n**3 + 7*n**2 - 4*n - 1. Let t be v(-7). Calculate the highest common divisor of t and g.
3
Let v(f) = 29*f**2 + 3*f - 1. Let d be v(2). Let y be (13 + -1 - 2)*-2. Let z be y/(0 + -2) + 1. What is the greatest common factor of z and d?
11
Let w = -13 - -149. Calculate the highest common divisor of w and 17.
17
Let i be -2 + -1 - 113*-2. Let o = -128 + i. What is the highest common factor of 19 and o?
19
Let a be -2 + (-2)/(-2) - -45. Let g be 12/1*25/(-20). Let i be ((-12)/g - 3)*-5. What is the greatest common divisor of i and a?
11
Suppose -3*h + 4*a - 1 = -a, 4*h + 5 = 3*a. Let l be (-1626)/(-36) + h/12. Let k be (-10)/l - (-130)/18. Calculate the highest common factor of k and 14.
7
Let k be 1744/72 + (-2)/9. Suppose -4*i + 2 + 10 = 0. What is the greatest common divisor of k and i?
3
Let k = -87 - -187. Suppose z + 4*z - k = 5*w, -4*w = -2*z + 32. Calculate the greatest common factor of z and 16.
8
Let k(a) = 6*a**2 - 9*a**2 - 2*a**2 + a**3 + 2. Let c be k(5). Calculate the greatest common factor of c and 16.
2
Let h(v) = 25*v**2 - 2*v - 3. Let f be h(-1). Calculate the highest common divisor of f and 3.
3
Suppose 3*l = -2*l + 20. Suppose -18 = -l*c + 30. Calculate the highest common divisor of c and 18.
6
Let a(s) = -19*s + 5. Let w be a(-5). Calculate the highest common factor of 25 and w.
25
Suppose -192 = 5*u - 8*u. What is the greatest common factor of u and 8?
8
Let g(z) = -8 + 0 - z**2 - 1 + 11*z. Let k be g(9). Let y be -3 + 3 + -4 + 5. Calculate the highest common divisor of y and k.
1
Let l(d) = -d**2 + 17*d - 3. Let h(a) = 14*a**2 - a. Let w be h(-1). Let k be l(w). Let p = -28 - -46. Calculate the greatest common factor of p and k.
9
Let v(x) = 153*x**2 + 5*x + 4. Let f be v(-1). What is the greatest common divisor of 19 and f?
19
Let t = 3 + -3. Suppose -2*h = -t*h + 8. Let d = 104 - h. Calculate the greatest common factor of 12 and d.
12
Let v = -17 + 12. Let n be ((-2)/v)/(1/5). What is the highest common divisor of 10 and n?
2
Suppose 26 = 5*n - 64. Let f = n + -7. Suppose 4*j - 21 = -m + f, -3*m + 19 = j. What is the greatest common factor of j and 35?
7
Let o(l) = l - 6 - 5 + 3*l - 1. Let b be o(9). Suppose -315 = -3*r + 333. Calculate the greatest common divisor of b and r.
24
Suppose -3*c - 2*p - 56 = 0, -c + 3*p = 6*p + 21. Let w be ((-2)/3)/(c/675). Calculate the highest common factor of w and 125.
25
Let j be (64/(-16))/(-2*1). Let l be 2 + 4 + -4 + j. Calculate the greatest common factor of l and 8.
4
Let q(d) = -d**3 - 13*d**2 - 2*d - 9. Let a be q(-13). Calculate the greatest common factor of 136 and a.
17
Let g(h) be the third derivative of h**6/120 + h**5/6 + 7*h**4/24 - h**3 - 2*h**2. Let m be g(-9). Calculate the highest common factor of m and 48.
12
Let g be (-3)/2 - ((-127)/2 - 2). What is the greatest common divisor of g and 48?
16
Let h(w) = 21*w**2 + 6*w + 5. Let d be h(-1). What is the highest common factor of 8 and d?
4
Suppose -27 = -f + 5*o + 25, 3*f + 4*o = 80. What is the greatest common divisor of 80 and f?
16
Suppose 3*s - u - 4*u = 56, 2*s = 3*u + 36. Calculate the highest common divisor of s and 24.
12
Suppose -4*m - x = -8 - 0, -3*m + x + 13 = 0. What is the highest common factor of m and 21?
3
Suppose 9 = -2*s + 5*s. Let l be 1/s + 26/3. Let b be 21*(6/l)/2. What is the highest common divisor of 7 and b?
7
Let y be (-16)/(-40) + 66/10. Let q(o) = 5*o - 10. Let a be q(y). What is the greatest common factor of a and 5?
5
Suppose -360 = 28*z - 34*z. What is the greatest common divisor of 20 and z?
20
Let v(y) = -y**2 - 7*y + 9. Let w be v(-8). Let z be (-2)/((w*-2)/(-2)). Let s be -60*((-48)/15 - z). What is the greatest common factor of 9 and s?
9
Let u(c) = -c**3 + 2*c**2 - 3*c + 6. Let a be u(-3). Calculate the highest common divisor of 150 and a.
30
Let s = 1 - -9. Calculate the greatest common factor of s and 70.
10
Let g(n) = 3 - 6*n + 5 - 2 + 6*n**2 - n**3. Let k be g(5). Let a = -5 - -16. Calculate the greatest common divisor of a and k.
1
Let q(a) = -a**2 + 8*a - 2. Let y be q(11). Let x be ((-21)/y)/((-1)/(-25)). Calculate the greatest common divisor of x and 5.
5
Let d be (-12)/(-28) - (-102)/7. Calculate the highest common factor of 105 and d.
15
Suppose 6*w + 35 = w - 3*o, -o = -4*w - 11. Let r be (-16)/(-9) + w/(-18). Suppose r*t + 2*t = 24. Calculate the greatest common divisor of t and 48.
6
Let c be 27 - 1/(3/(-6)). Let l = 507 + -304. What is the highest common factor of c and l?
29
Let l = -5 - -39. Let n = 21 + l. Calculate the greatest common factor of n and 11.
11
Let p = 20 + -10. Suppose -4*h - 2*c = -0*h - 20, -2*c = 5*h - 23. Suppose -2*b + 10 = h*b. What is the greatest common factor of b and p?
2
Let s(q) = q - 9. Let g(o) = -o + 4. Let r be g(-8). Let k be s(r). Calculate the greatest common factor of 3 and k.
3
Let w(q) = q**3 + 4*q + 1. Let i be w(4). Suppose 0 = 4*v - i + 9. Calculate the greatest common divisor of v and 9.
9
Let k = -2 - -7. Suppose -5*f = -f + k*q - 337, 181 = 2*f + 5*q. Suppose 0 = b - 3*m - f, -m - 4*m = 5*b - 350. What i